actor of 644?
True
Does 5 divide 65?
True
Does 19 divide 39368?
True
Is 504 a multiple of 56?
True
Does 13 divide 347?
False
Does 29 divide 9387?
False
Does 41 divide 14145?
True
Does 140 divide 36975?
False
Is 2394 a multiple of 63?
True
Is 17517 a multiple of 62?
False
Does 42 divide 50513?
False
Does 88 divide 6042?
False
Does 44 divide 971?
False
Is 20 a factor of 94?
False
Is 23 a multiple of 16?
False
Does 45 divide 26685?
True
Is 888 a multiple of 12?
True
Is 4979 a multiple of 29?
False
Is 62 a factor of 66995?
False
Is 74 a factor of 222?
True
Is 1119 a multiple of 10?
False
Is 8 a factor of 148?
False
Is 20307 a multiple of 43?
False
Does 30 divide 2100?
True
Is 965 a multiple of 20?
False
Is 3239 a multiple of 2?
False
Is 50 a factor of 1394?
False
Is 3347 a multiple of 112?
False
Does 10 divide 1414?
False
Does 11 divide 2442?
True
Does 65 divide 1983?
False
Is 3955 a multiple of 113?
True
Is 37448 a multiple of 151?
True
Does 6 divide 658?
False
Is 14 a factor of 963?
False
Is 13 a factor of 566?
False
Is 107 a factor of 20328?
False
Does 17 divide 15676?
False
Is 4389 a multiple of 8?
False
Is 15 a factor of 920?
False
Does 24 divide 67715?
False
Does 13 divide 533?
True
Is 13 a factor of 403?
True
Is 1048 a multiple of 54?
False
Is 150 a factor of 97650?
True
Is 2196 a multiple of 11?
False
Does 43 divide 8469?
False
Is 213 even?
False
Is 7548 even?
True
Does 17 divide 136?
True
Is 6 a factor of 1320?
True
Does 37 divide 407?
True
Is 20 a factor of 2920?
True
Is 622 a multiple of 16?
False
Is 345 a multiple of 11?
False
Is 3 a factor of 185?
False
Is 3 a factor of 1374?
True
Is 22 a factor of 7392?
True
Is 1136 a multiple of 8?
True
Is 5 a factor of 363?
False
Is 55 a factor of 1318?
False
Does 10 divide 38065?
False
Is 76 a factor of 2126?
False
Is 846 a multiple of 26?
False
Does 16 divide 3344?
True
Is 11 a factor of 7378?
False
Is 40 a factor of 600?
True
Is 201 a factor of 64725?
False
Does 6 divide 90?
True
Is 4 a factor of 984?
True
Is 182 a multiple of 16?
False
Is 2913 a multiple of 91?
False
Is 18 a factor of 1170?
True
Is 5 a factor of 85?
True
Does 31 divide 3441?
True
Is 5440 a multiple of 20?
True
Is 3680 a multiple of 230?
True
Is 736 a multiple of 32?
True
Does 22 divide 902?
True
Is 12 a factor of 7080?
True
Is 1681 a multiple of 41?
True
Does 76 divide 23256?
True
Is 5 a factor of 857?
False
Is 13 a factor of 2462?
False
Does 175 divide 8552?
False
Is 10963 a multiple of 78?
False
Does 15 divide 32637?
False
Is 9 a factor of 5373?
True
Is 13 a factor of 61306?
False
Is 8316 a multiple of 22?
True
Is 18 a factor of 1728?
True
Is 1639 a multiple of 31?
False
Is 15573 a multiple of 48?
False
Does 38 divide 14448?
False
Is 2275 a multiple of 15?
False
Is 38 a factor of 10765?
False
Is 10 a factor of 6414?
False
Does 13 divide 120687?
False
Is 63 a factor of 882?
True
Does 57 divide 2132?
False
Is 31590 a multiple of 81?
True
Is 7 a factor of 5012?
True
Does 21 divide 231?
True
Is 2870 a multiple of 14?
True
Is 6063 a multiple of 141?
True
Is 76 a factor of 1339?
False
Does 52 divide 118877?
False
Is 9 a factor of 594?
True
Is 198 a multiple of 11?
True
Is 3751 a multiple of 16?
False
Is 11 a factor of 3905?
True
Is 9 a factor of 594?
True
Is 130 a multiple of 26?
True
Does 56 divide 1904?
True
Is 448 a multiple of 8?
True
Is 28 a factor of 10444?
True
Does 164 divide 21976?
True
Does 5 divide 1463?
False
Is 8346 a multiple of 8?
False
Is 882 a multiple of 7?
True
Is 45 a factor of 5828?
False
Does 6 divide 156?
True
Does 511 divide 111814?
False
Is 1022 a multiple of 7?
True
Is 111486 a multiple of 223?
False
Is 10 a factor of 9060?
True
Does 25 divide 42325?
True
Is 5016 a multiple of 38?
True
Is 17100 a multiple of 15?
True
Is 6 a factor of 8664?
True
Does 15 divide 225?
True
Does 88 divide 264?
True
Is 8296 a multiple of 122?
True
Is 1104 a multiple of 69?
True
Does 21 divide 23625?
True
Is 34816 a multiple of 34?
True
Is 5 a factor of 456?
False
Does 2 divide 7223?
False
Does 37 divide 13912?
True
Is 2 a factor of 1669?
False
Is 29 a factor of 1044?
True
Is 301 a factor of 10504?
False
Is 9 a factor of 2419?
False
Is 45 a factor of 1105?
False
Does 114 divide 9348?
True
Does 46 divide 15197?
False
Is 27 a factor of 5400?
True
Is 3654 a multiple of 21?
True
Does 43 divide 55470?
True
Does 55 divide 770?
True
Is 5850 a multiple of 50?
True
Is 957 a multiple of 11?
True
Does 50 divide 3000?
True
Does 28 divide 700?
True
Is 4521 a multiple of 72?
False
Is 39 a multiple of 39?
True
Is 78 even?
True
Does 110 divide 10010?
True
Is 49 a factor of 18522?
True
Is 11 a factor of 885?
False
Is 2401 a multiple of 67?
False
Is 11 a factor of 44?
True
Is 11 a factor of 8648?
False
Does 8 divide 2398?
False
Is 17 a factor of 8874?
True
Is 20 a factor of 2180?
True
Is 2275 a multiple of 91?
True
Does 9 divide 1761?
False
Is 2058 a multiple of 47?
False
Is 6719 a multiple of 20?
False
Does 14 divide 31558?
False
Is 3146 a multiple of 121?
True
Does 12 divide 7790?
False
Does 17 divide 4842?
False
Does 13 divide 26492?
False
Does 128 divide 7040?
True
Is 14 a factor of 84?
True
Is 11 a factor of 199?
False
Is 108 a factor of 2376?
True
Does 12 divide 4926?
False
Does 195 divide 7605?
True
Is 2729 a multiple of 7?
False
Is 3893 a multiple of 17?
True
Is 7 a factor of 2942?
False
Is 2856 a multiple of 22?
False
Is 37009 a multiple of 311?
True
Is 6 a factor of 1025?
False
Is 13848 a multiple of 34?
False
Does 7 divide 931?
True
Is 2497 a multiple of 64?
False
Is 17578 a multiple of 94?
True
Does 81 divide 64535?
False
Is 6 a factor of 229?
False
Is 68 a factor of 10812?
True
Is 3 a factor of 3333?
True
Is 3273 a multiple of 5?
False
Is 26321 a multiple of 32?
False
Does 329 divide 85576?
False
Is 5 a factor of 227?
False
Does 46 divide 3818?
True
Is 532 a multiple of 19?
True
Does 8 divide 309?
False
Is 1652 a multiple of 95?
False
Does 12 divide 42768?
True
Does 8 divide 1152?
True
Does 143 divide 715?
True
Is 17 a factor of 7735?
True
Does 11 divide 748?
True
Does 6 divide 175?
False
Is 754 a multiple of 20?
False
Is 29 a factor of 1410?
False
Is 21579 a multiple of 3?
True
Is 45 a factor of 35765?
False
Is 25 a factor of 552?
False
Is 8 a factor of 26587?
False
Is 831 a multiple of 2?
False
Is 25 a factor of 8300?
True
Is 38 a factor of 3800?
True
Is 139 a factor of 6629?
False
Does 7 divide 10213?
True
Is 20 a factor of 1731?
False
Does 20 divide 120?
True
Is 31648 a multiple of 43?
True
Is 19128 a multiple of 8?
True
Is 730 a multiple of 35?
False
Does 23 divide 18564?
False
Is 26 a factor of 2262?
True
Is 32 a factor of 1706?
False
Is 20 a factor of 4555?
False
Does 13 divide 834?
False
Does 92 divide 62085?
False
Is 10 a factor of 101?
False
Is 1791 a multiple of 9?
True
Is 13280 a multiple of 136?
False
Is 124 a factor of 791?
False
Is 55 a factor of 825?
True
Does 18 divide 29572?
False
Is 25 a factor of 11525?
True
Does 13 divide 7679?
False
Does 17 divide 918?
True
Is 7 a factor of 92?
False
Is 374 a multiple of 4?
False
Is 31 a factor of 5456?
True
Does 4 divide 672?
True
Is 55 a factor of 715?
True
Is 135168 a multiple of 64?
True
Is 421 a multiple of 12?
False
Is 22890 a multiple of 15?
True
Is 1451 a multiple of 45?
False
Does 22 divide 32393?
False
Does 213 divide 9585?
True
Is 19 a factor of 32245?
False
Is 1139 a multiple of 19?
False
Is 6 a factor of 576?
True
Is 31 a factor of 173?
False
Does 148 divide 17020?
True
Is 116745 a multiple of 16?
False
Is 2088 a multiple of 25?
False
Is 170 a factor of 8919?
False
Does 43 divide 946?
True
Does 6 divide 346?
False
Is 2 a factor of 5535?
False
Is 455 a multiple of 4?
False
Is 8193 a multiple of 17?
False
Does 18 divide 27636?
False
Does 19 divide 3044?
False
Does 42 divide 2520?
True
Is 14868 a multiple of 12?
True
Does 3 divide 3546?
True
Is 187 a multiple of 2?
False
Is 130 even?
True
Is 39 a factor of 372?
False
Is 14 a factor of 1983?
False
Does 14 divide 58268?
True
Is 18 a factor of 2646?
True
Is 21 a factor of 189?
True
Does 12 divide 27?
False
Is 5 a factor of 14740?
True
Does 53 divide 216?
False
Is 65 a factor of 2730?
True
Does 21 divide 28644?
True
Is 8 a factor of 600?
True
Is 137 a multiple of 32?
False
Is 3696 a multiple of 168?
True
Is 6 a factor 